a18?
-76a9b
In base 6, what is -224 - -22551154?
22550530
In base 4, what is 1232230222 + -13012?
1232211210
In base 6, what is -25542201 + 13?
-25542144
In base 13, what is -4010327 + 4?
-4010323
In base 4, what is 111003133302202 - -10?
111003133302212
In base 2, what is 110101010 - -1110110000?
10101011010
In base 15, what is 11 + 129edb8?
129edc9
In base 3, what is -10 - -12220000012011?
12220000012001
In base 11, what is -2726321 + 33?
-2726299
In base 6, what is -24 + 121242?
121214
In base 10, what is 3 + -17402554?
-17402551
In base 2, what is -100010110110 + 10101001111001?
10000111000011
In base 2, what is 110010001011101 + -10110100100?
101111010111001
In base 3, what is -22011122211 - 12000?
-22011211211
In base 15, what is 0 - -51ca9ce?
51ca9ce
In base 4, what is 3 - -13320223220?
13320223223
In base 14, what is 218 - -17ba7?
17dc1
In base 4, what is 2202200 - 13202?
2122332
In base 2, what is -10111111100 + 11100110100110?
11001110101010
In base 4, what is -300301332 + -3303?
-300311301
In base 6, what is 13453 - -2315305?
2333202
In base 12, what is 3827a6 + -46?
382760
In base 15, what is -814 + 517b?
4867
In base 12, what is -489 - 13799?
-14066
In base 6, what is -513343 + 201313?
-312030
In base 11, what is -2 - 3448a70?
-3448a72
In base 11, what is -372805 - 100?
-372905
In base 15, what is 5d8e8d0 - 5?
5d8e8ca
In base 16, what is 1 + -32f9e3?
-32f9e2
In base 10, what is -2013 + 2246?
233
In base 4, what is 210301001 + -1120?
210233221
In base 12, what is -4b715 + -266?
-4b97b
In base 8, what is -162604534 - 6?
-162604542
In base 12, what is -1519231a5 + 2?
-1519231a3
In base 15, what is d2d3d - a?
d2d33
In base 15, what is 847446a + 6?
8474471
In base 14, what is 60bd - ba?
6003
In base 11, what is -179 - 105849?
-105a17
In base 12, what is -471 - -a8b0?
a43b
In base 13, what is 3 - a760cc1?
-a760cbb
In base 5, what is -10 - -214214414004?
214214413444
In base 12, what is -246824 + 718?
-246108
In base 16, what is df6b46 - 5?
df6b41
In base 12, what is -4759a - 29b?
-47879
In base 5, what is -23 + -3432433412?
-3432433440
In base 14, what is -384611 - 0?
-384611
In base 16, what is 5 - 114d476?
-114d471
In base 7, what is -330326 - 25?
-330354
In base 2, what is 101 - -1100100101111011010?
1100100101111011111
In base 8, what is -4561 - -426403?
421622
In base 2, what is 0 + 100101111101100100?
100101111101100100
In base 8, what is -2606772 + 271?
-2606501
In base 4, what is 13113130003 + -101?
13113123302
In base 9, what is -2 - -17757367?
17757365
In base 7, what is -11 - -215025544?
215025533
In base 4, what is 113012202 + 210?
113013012
In base 9, what is 34526 - 155?
34361
In base 5, what is -43410113114 + 13?
-43410113101
In base 8, what is 21206 + -116?
21070
In base 2, what is 1111000100010 + -101110110100100?
-11111110000010
In base 7, what is -5501253231 - 3?
-5501253234
In base 6, what is -3115531234 - -4?
-3115531230
In base 16, what is -21433 + -41?
-21474
In base 3, what is 101012 - 1001021100?
-1000220011
In base 4, what is 1120 + 2000030033?
2000031213
In base 8, what is 715 - -5256?
6173
In base 3, what is 12 - -222120220112?
222120220201
In base 5, what is -103142334210 - 10?
-103142334220
In base 3, what is 12220002 - 1?
12220001
In base 2, what is 11 - 1010101101101111110010100?
-1010101101101111110010001
In base 3, what is 10221022022021 - 220?
10221022021101
In base 10, what is 129 + 1466?
1595
In base 10, what is -1 - 392020?
-392021
In base 7, what is -616213365 + 1?
-616213364
In base 15, what is 8bc094c - -2?
8bc094e
In base 10, what is 2534243 + -119?
2534124
In base 8, what is -321510 + -117?
-321627
In base 14, what is 2ad264 + -3?
2ad261
In base 4, what is -103230133132 + -3111?
-103230202303
In base 12, what is -277 + 20b0?
1a35
In base 3, what is -1220120022 + -1102100?
-1221222122
In base 14, what is 2dbaa - 1c0?
2d9ca
In base 12, what is -5 + 42431?
42428
In base 15, what is 138d272 - -4?
138d276
In base 4, what is 3121300013 + 233?
3121300312
In base 16, what is 45894 - -4?
45898
In base 12, what is 368 - 2696?
-232a
In base 10, what is -6805861 - -3?
-6805858
In base 15, what is -4 - -1ea360?
1ea35b
In base 5, what is 2342204 - -2230?
2344434
In base 3, what is 102 - -10122110?
10122212
In base 10, what is -5593591 + 13?
-5593578
In base 12, what is 144094 + 46b?
144543
In base 2, what is -100010101000111001101 - 111110?
-100010101001000001011
In base 8, what is -463 + -160177?
-160662
In base 13, what is 2 - 263513?
-263511
In base 10, what is 49283 + 6224?
55507
In base 13, what is 128c506 - 93?
128c443
In base 11, what is 1070 - 313802?
-312742
In base 6, what is 220015240 + 21?
220015301
In base 15, what is -7d895c + -4c?
-7d89a9
In base 2, what is -1 - -111010001011101001000?
111010001011101000111
In base 8, what is -21 - 267352?
-267373
In base 10, what is -5 + 12238188?
12238183
In base 14, what is -6d0c3 + -74b?
-6d830
In base 15, what is -2 - -c4da48e?
c4da48c
In base 10, what is 99142176 + 2?
99142178
In base 6, what is -20 - 450411434?
-450411454
In base 3, what is -10 + -2101021210000002?
-2101021210000012
In base 2, what is 111 + -1011011010111011110011101?
-1011011010111011110010110
In base 5, what is 11223014014 - 0?
11223014014
In base 8, what is 202200 - 35?
202143
In base 8, what is 1465662 - 10?
1465652
In base 5, what is -114 + -21434214?
-21434333
In base 7, what is 504 - 30561?
-30054
In base 2, what is -101 + 1100111010001100011011000?
1100111010001100011010011
In base 14, what is -d - -2bc7b?
2bc6c
In base 14, what is -1 + -3841721?
-3841722
In base 14, what is 0 - 3671a2?
-3671a2
In base 4, what is 3001001130 + -20?
3001001110
In base 16, what is 11b0c + -1f7?
11915
In base 5, what is -23010204244 - 3?
-23010204302
In base 4, what is 31110 + 330001323?
330033033
In base 9, what is -32488846 + -2?
-32488848
In base 16, what is -59 + 185a2f?
1859d6
In base 4, what is -21120 - 11222000?
-11303120
In base 4, what is 1112221 + -2333?
1103222
In base 8, what is 4353652 - 5?
4353645
In base 4, what is -12 - -32102300011?
32102233333
In base 4, what is -1303020320 - -20?
-1303020300
In base 13, what is -7c3 + 10133?
c640
In base 8, what is -32 + -322237057?
-322237111
In base 10, what is 5 - 9436909?
-9436904
In base 11, what is -a83948a - 1?
-a839490
In base 13, what is -1171936a + -4?
-11719371
In base 7, what is -260 - -1123251?
1122661
In base 3, what is -101102201 + -220102000?
-1021211201
In base 2, what is -1111 - 10010010010111010111001?
-10010010010111011001000
In base 10, what is -58095 + 82?
-58013
In base 9, what is -1247505 - 786?
-1248402
In base 6, what is 205 - 454510?
-454301
In base 10, what is -2712 + 12232?
9520
In base 14, what is -307 + -1b59?
-2062
In base 3, what is -11210210112102022 + 11?
-11210210112102011
In base 6, what is -20 + -331511012?
-331511032
In base 10, what is 4 + -52221486?
-52221482
In base 8, what is 1571 + 172131?
173722
In base 13, what is 666a + -c29?
5741
In base 13, what is -2a911 + 29?
-2a8b5
In base 16, what is 5 - 4a11754?
-4a1174f
In base 7, what is -1644 + 211452?
206505
In base 12, what is 3711 - -25?
3736
In base 6, what is -24252413300 + 0?
-24252413300
In base 2, what is 10011000100 - 10110000001?
-10111101
In base 11, what is -1 + -47a989?
-47a98a
In base 7, what is 1 - 10360144300?
-10360144266
In base 4, what is 1 - 20212003201?
-20212003200
In base 12, what is 1634 - -27b8?
4230
In base 12, what is -5 + 8220a51?
8220a48
In base 9, what is -2 + -258283?
-258285
In base 10, what is 739150 - -122?
739272
In base 7, what is 2 + -13550143?
-13550141
In base 14, what is -a33399c - -6?
-a333996
In base 11, what is -11188459 - 2?
-11188460
In base 14, what is -2 - -6b852a?
6b8528
In base 10, what is 0 + 22855037?
22855037
In base 10, what is -509249 - -2525?
-506724
In base 6, what is -15 - -3452541?
3452522
In base 2, what is 111000110 + 1100100111010100001?
1100101000001100111
In base 9, what is 13 - 14435446?
-14435433
In base 2, what is 1101101111100101001000 - -10?
1101101111100101001010
In base 15, what is -30a + a53?
748
In base 5, what is -33123 - -312320?
224142
In base 5, what is 43003334 - -1004?
43004343
In base 10, what is 32632 + 2856?
35488
In base 15, what is -4d117 - 5a9?
-4d6c1
In base 7, what is 